se h = 4*s - 71 + 11. Calculate the greatest common divisor of m and s.
3
Suppose 0 = -3*c + c. Let s be 0/(2 + c) - 27. Let m = 47 + s. Calculate the highest common factor of 220 and m.
20
Let n = -100 + 44. Let l be (-122)/(-14) - 16/n. What is the greatest common factor of 9 and l?
9
Let k(b) = b**2 + 5*b - 1. Let n be k(-10). Let h be 6 + 4/2 + -1. What is the highest common factor of n and h?
7
Let w be (-1 + -1 - (-64)/(-6))*-3. What is the greatest common divisor of 38 and w?
38
Let n = -144 + 256. Let h = 20 + -10. Suppose -4*r = 4*p - 1 - 43, -h = 2*p. What is the greatest common divisor of n and r?
16
Suppose -4*k - 12 = -7*k. Suppose r = -h + 54, -h = -0*r + k*r - 48. Let d be (-2 - 0) + 48/3. What is the highest common divisor of d and h?
14
Let d = -4 + 4. Let q be d - -1 - 12/(-6). Suppose -4*z = 8*m - 4*m - 288, z = q*m + 64. Calculate the greatest common factor of 14 and z.
14
Let y = 137 - 99. Calculate the highest common factor of y and 76.
38
Let f be (-9569)/(-105) + 6/(-45). Calculate the highest common factor of f and 13.
13
Let b be 4/(-18) - (-2)/9. Suppose b*x + 108 = 3*x. Let y(l) = -l**3 + 5*l**2 + 7*l - 2. Let z be y(6). What is the greatest common divisor of z and x?
4
Let d be (-1)/(-4) - 47/(-4). Calculate the greatest common factor of d and 84.
12
Let u(p) = -2*p + 17. Let f be u(7). Let n be -1*(-2)/(-4)*-66. Calculate the greatest common divisor of n and f.
3
Let g(x) = 7*x + 2. Let n be g(-1). Let t be (n - -2)/(3/(-21)). What is the highest common divisor of 21 and t?
21
Suppose 0*w = 4*w. Suppose -2*j + 1 + 13 = w. What is the greatest common factor of 7 and j?
7
Let m(g) = 2*g**3 - 1. Let c be m(1). Let a = 17 + c. Let y(z) = z. Let b be y(6). Calculate the greatest common divisor of b and a.
6
Suppose -3*y + y - 216 = 3*q, -3*q = 5*y + 540. Let g = -64 - y. What is the highest common divisor of g and 11?
11
Let w be (-15)/(-4)*32/12. What is the greatest common divisor of w and 80?
10
Suppose v + 77 = m + 25, -v - 104 = -2*m. Suppose -3*k + m = k. Let g be 262/4 - 9/18. What is the highest common factor of g and k?
13
Suppose -f - 36 = -4*f. Calculate the greatest common factor of f and 108.
12
Let f be 5/10 + 91/2. Suppose 10 = -q - k - 25, 0 = 2*q + 5*k + 76. Let o = f + q. What is the highest common factor of o and 91?
13
Suppose -6*n - 135 = -3*n. Let s be ((-21)/9 + 2)*n. Calculate the highest common divisor of s and 10.
5
Let k(d) = -d + 11. Let t be k(0). Let z = 241 + -145. Let j = -41 + z. What is the greatest common divisor of j and t?
11
Suppose -9*w + 2057 - 356 = 0. What is the greatest common divisor of w and 21?
21
Let h be 1/4 + (-94)/(-8). Let v be 91/3 - 4/h. Suppose 0*k - v = -3*k. What is the greatest common factor of 5 and k?
5
Let o(p) = p + 3. Let r be o(-5). Let i be 1196/10 + r/(-5). Calculate the highest common factor of 24 and i.
24
Let y be 143/2 - (-6)/12. Calculate the highest common factor of y and 8.
8
Let z = 3 - 3. Suppose 2*f + 3*f = z. Let o = 2 + f. Calculate the highest common factor of 8 and o.
2
Let f(b) = -b + 2. Let y be f(6). Let m be 32 - y*(-3)/6. Let q = m - -14. Calculate the highest common divisor of 4 and q.
4
Let i(k) = 9*k**2 - 7*k + 4. Let b be i(4). Suppose -v - 3*v = -b. Let t = 17 + -12. Calculate the greatest common factor of v and t.
5
Let b = -11 - -23. Calculate the greatest common divisor of b and 24.
12
Suppose 2*x + 2*s - 16 = 7*s, 0 = 2*s + 4. Suppose -x*c + c = 240. Let a = c + 176. What is the highest common divisor of a and 14?
14
Suppose 4*g = 2*g + 176. Let t(w) = 10*w**2 + 1. Let r be t(1). Calculate the highest common factor of g and r.
11
Let p = 36 - 52. Let v = p - -65. What is the highest common divisor of 7 and v?
7
Suppose 0 = 4*o - 11 - 17. Calculate the highest common divisor of o and 1.
1
Suppose 137 + 139 = -3*w - 4*f, -3*f + 393 = -4*w. Let q be w/40*200/(-6). Calculate the greatest common divisor of q and 10.
10
Let p = -1 + -13. Let z = p - -20. Let b = -87 - -105. What is the greatest common factor of b and z?
6
Let x = 27 - 17. Let t = 62 + -52. Calculate the highest common divisor of t and x.
10
Suppose -16 = -3*q + 8. Suppose 4*p + 34 - 114 = 0. What is the highest common factor of p and q?
4
Let x = 2 + 35. Let o = -19 + x. Let i = -39 + 84. What is the highest common divisor of i and o?
9
Suppose 2*m - 2*a = -m + 69, -5*m = 2*a - 131. Let k be 150/((-5)/5)*(-4)/6. Calculate the greatest common divisor of k and m.
25
Let p = 67 - -37. Calculate the greatest common factor of p and 13.
13
Suppose 5*r = 2*j - 6, 3*r + 4*j + 1 = 13. Suppose r = -7*i + 3*i + 160. Calculate the highest common factor of 5 and i.
5
Let w(k) = 6*k + 1. Let u be w(9). Calculate the highest common factor of 5 and u.
5
Suppose 288 = 2*i + i. What is the highest common divisor of i and 12?
12
Let l(r) = 2*r**2 - 4*r + 3. Suppose -2*o = -5*c - 31, 3*o - 2 = -o - 2*c. Let k be l(o). What is the highest common factor of 63 and k?
9
Suppose 4*p - 8 = -4*f, -4*p - 15 + 3 = -f. Let v(j) = j**3 - 12*j**2 - 2*j + 36. Let b be v(12). Calculate the highest common divisor of f and b.
4
Suppose 124 = 4*w + 4*q, 2*w - 2*q = -3*w + 190. Calculate the highest common divisor of w and 18.
18
Let t be 4/12 - (-14)/3. What is the greatest common factor of 20 and t?
5
Suppose -3*l + 5*l = x - 30, -2*x + 20 = 4*l. Calculate the greatest common divisor of x and 220.
20
Suppose 6 = 2*x, c - 5*x - 11 = -2*x. Suppose -2*p = 3*j - 224, 5*j - 283 - 85 = -2*p. Let q = -32 + j. Calculate the highest common divisor of c and q.
20
Suppose 6*d = -d + 350. Calculate the highest common factor of 20 and d.
10
Let x = 24 - -16. Let d = 9 + -8. Let q be (-3 - (d - 8))*4. What is the highest common divisor of q and x?
8
Let t be 3/4 - (-1050)/40. What is the greatest common factor of 3 and t?
3
Let u(j) = j**2 - 3*j - 6. Let c be u(6). Let a(v) = -v + 1. Let z be a(-8). Let h be (48/9 + -2)*z. What is the highest common factor of h and c?
6
Suppose -7*x + 10*x = 9. Let z be -2 - x/(-1) - -21. Calculate the greatest common factor of z and 2.
2
Let z(t) = -2*t + 30. Let l be z(-17). Calculate the greatest common factor of 8 and l.
8
Suppose 132 = 5*s - z + 9, 0 = -z - 3. Let t(c) = 3*c - 6*c + 6 - 3*c - 4*c**2 + 12*c**2. Let k be t(3). Calculate the greatest common factor of k and s.
12
Suppose 12*k - 5*k - 112 = 0. Suppose 0 = -5*s + 5*u + 620, 5*s + 3*u - 6 = 582. Suppose -3*j + s = -0*j. What is the greatest common divisor of k and j?
8
Let h be ((-8)/(-20))/(1/5). Suppose -v + 45 = h*v. Suppose 3*x = 383 - 158. Calculate the greatest common divisor of v and x.
15
Let w(n) = n**3 - 5*n**2 + 6*n. Let q be w(6). What is the highest common factor of q and 24?
24
Let q be (1/3 - 3)*-45. Calculate the greatest common divisor of q and 15.
15
Let y(p) = 10*p**3 + 2*p**2 - 1. Let c be y(1). Calculate the highest common factor of 88 and c.
11
Let k(b) = b**2 + 11*b - 9. Let f be k(-12). Calculate the greatest common factor of 21 and f.
3
Let g be -3*(0 + 4)*-2. Let v(k) = -k**3 + 6*k**2 + 6*k + 7. Let p be v(7). Suppose p*o = -o + g. What is the highest common divisor of 6 and o?
6
Suppose 57 = -b + 2*b. Let p(x) = x**3 - 9*x**2 + x - 12. Let t be p(9). Let l be 0/t + -3 - -22. Calculate the greatest common divisor of l and b.
19
Let n(y) = 4*y**2 - 5*y - 15. Let w be n(10). Calculate the greatest common divisor of w and 134.
67
Let h(m) = -m - 1. Let w be h(-6). Suppose 180 = w*y - 0*y. Calculate the greatest common divisor of y and 4.
4
Let c(q) = -9*q - 2. Let k be c(-2). Suppose -n + 2 = -2*n. Let s be (-78)/(-5) + n/(-5). Calculate the highest common factor of s and k.
16
Let q = 1 + -3. Let g be (12/(-9))/(q/18). What is the highest common divisor of g and 4?
4
Let y = 43 + -15. Suppose 0 = -2*q - 3*q - 4*l + 24, 0 = -2*q + 4*l + 4. What is the highest common divisor of y and q?
4
Suppose -4*d + 5*m + 23 = 0, 4*d - 3*m = -5*m + 58. What is the greatest common divisor of 3 and d?
3
Let f be (-25)/(-20)*(-1 + -7). Let v be (-4)/f - 92/(-20). Suppose -201 = -2*c + v*u, 33 = -3*c - 4*u + 277. What is the greatest common factor of c and 11?
11
Let i(a) = 2*a - 5. Let q be i(5). Suppose 2*x + r = 1, -x - 5*r + 5 = -0. Suppose x*j - 25 = -j. Calculate the greatest common factor of q and j.